 the highest common divisor of 44 and t?
11
Let n be ((-44)/8)/(2/(-20)). What is the greatest common factor of n and 22?
11
Suppose 5*m = 335 - 135. What is the greatest common factor of m and 16?
8
Let s = -47 + 63. What is the greatest common factor of 176 and s?
16
Let z = 101 + -53. Suppose 0 = -3*j - 2*s + z, j - 7*s + 2*s = 16. Calculate the greatest common divisor of j and 80.
16
Suppose -2*u + 24 + 28 = 0. Calculate the greatest common factor of u and 13.
13
Let i = 46 + 34. Calculate the highest common factor of 16 and i.
16
Suppose 3 = -4*k - 2*n - 7, 0 = 5*k - 5*n - 25. Suppose k = g + 14 - 35. Let j = -44 + 47. Calculate the highest common factor of j and g.
3
Let i = -159 + 215. Calculate the highest common divisor of 16 and i.
8
Suppose -4*m = 5*z - 178, -8*z - 120 = -11*z + 2*m. Let v = 121 - 26. Calculate the greatest common factor of z and v.
19
Suppose 4*k - 3*c = 90, 4*k + 0*k - 5*c - 86 = 0. What is the highest common divisor of k and 24?
24
Suppose 0 = 5*z - 6 - 4. Suppose -3*n - 4*q + 10 = 0, -4*q = z*n + q + 5. Calculate the greatest common factor of 30 and n.
10
Suppose 2*n + 2*n - 3*b = 81, 0 = -2*n - b + 53. Let h = 8 - 2. Calculate the greatest common divisor of n and h.
6
Let y = 0 - -2. Suppose -5*w - y = -7. What is the greatest common divisor of 3 and w?
1
Suppose -5*i + 12 = -33. Let m = 21 - 6. Suppose 5*q = 120 + m. What is the greatest common divisor of q and i?
9
Suppose 0 = -4*g - 4*d + 17 + 23, d = -4*g + 55. Calculate the greatest common factor of 150 and g.
15
Let r(b) = b + 22. Let k be r(8). What is the greatest common factor of k and 75?
15
Let g be 120/(-9)*(-12)/10. What is the greatest common factor of 144 and g?
16
Let c = 27 - 19. Calculate the greatest common divisor of c and 24.
8
Let c = -1 - -11. Suppose -c = -z - z. Let n be ((-10)/(-8))/((-1)/(-40)). Calculate the highest common factor of z and n.
5
Let j = 1 + 2. Let v = 5 - j. Suppose -4*l + 4 = 3*g, -2*g - v*l + l + 6 = 0. What is the greatest common factor of 36 and g?
4
Let s(r) = 2*r - 9. Suppose -4*p + 0*z + 70 = 2*z, 4*p = -z + 65. Let v = p + -7. Let g be s(v). What is the highest common divisor of g and 14?
7
Suppose p = 4*v + 34, -15 = p + 2*v - 73. Calculate the highest common factor of p and 25.
25
Suppose 0 = -3*p + 4 + 38. Suppose 4*t + 1 = 57. What is the greatest common divisor of p and t?
14
Suppose -2*v - 3*b + 15 = 0, v - 4*b = 4*v - 21. Let h(s) = s**2 - 4*s - 4. Let m be h(5). Calculate the greatest common divisor of m and v.
1
Let r be 19 - (2 + (-2 - -3)). Calculate the highest common divisor of 176 and r.
16
Let p = 0 + 31. Calculate the greatest common divisor of 62 and p.
31
Suppose -o + 60 = -4*k, 9*o - 4*o - 2*k - 210 = 0. Let s be ((-48)/(-10))/(16/o). What is the greatest common factor of 96 and s?
12
Let j be (-780)/(-35) - (-4)/(-14). Let t(d) = -8*d - 7. Let p be -4 - (-1 - 0)/(-1). Let a be t(p). Calculate the highest common factor of a and j.
11
Let i(x) = -37*x - 2. Let z be i(-2). Let n be (7 + -5)/((-4)/(-18)). Calculate the highest common divisor of z and n.
9
Suppose -2 = -2*u - 8. Let v be u - 6/(-3) - -9. Let h = -3 - -7. What is the greatest common divisor of h and v?
4
Suppose -7*g = -2*g + 2*r - 40, 5*r = -4*g + 15. Let p(w) = 7*w**3 - w**2 - w. Let y be p(2). Calculate the greatest common factor of g and y.
10
Let p be (-2)/9 + (-1360)/(-45). What is the highest common factor of p and 210?
30
Let p(w) = w**2 + 2*w - 3. Let l be p(-4). Let q = 12 - l. Let x(u) = u**2 - 7*u + 6. Let d be x(q). Calculate the highest common factor of d and 12.
6
Let c = 429 - 228. Let y be (c - (-1 + 2))/1. Calculate the greatest common divisor of 25 and y.
25
Let x = -30 + 46. What is the highest common factor of x and 176?
16
Let b be 3*(-3 - 11/(-3)). Suppose 42 = -2*y - 4*o, 0 = -2*y + b*o - 59 + 11. Let x = -10 - y. Calculate the greatest common factor of x and 13.
13
Suppose -4*k = -5*j + 279, -j - 4*k = -7 - 44. Calculate the highest common divisor of 5 and j.
5
Let s = -35 + 40. Suppose 2*y - 180 = -2*y. Suppose -4*x - y = -7*x. Calculate the greatest common divisor of x and s.
5
Suppose 15*t - 20 = -5. What is the greatest common factor of 9 and t?
1
Let l(b) = -b**2 + 75. Let z be l(0). Calculate the highest common factor of z and 50.
25
Let v(p) = -p - 3. Suppose 5 = 2*k + 19. Let l be v(k). Suppose 12 = l*t + 4*h, 5*t - 3*t = 3*h + 6. Calculate the highest common factor of t and 12.
3
Suppose h - 2 = 3*h. Let t(r) = 21*r**2 - r. Let b be t(h). Calculate the highest common factor of 2 and b.
2
Suppose -12*d - 86 = -326. Suppose -5*t + 808 = 2*p, t - 3*p = -8*p + 180. What is the greatest common factor of d and t?
20
Let y = 9 - -27. Calculate the highest common divisor of y and 9.
9
Let d(m) = m**3 + 13*m**2 + m + 16. Let i be d(-13). Let h be (2 - i - -18) + -1. What is the highest common divisor of h and 4?
4
Suppose 7 - 2 = -f, -2*f + 240 = 5*t. Calculate the highest common factor of t and 20.
10
Let y(r) = 6*r**2 - 6*r. Let t = -2 - -2. Suppose c + 2*b - b - 8 = t, 3*c + 5*b - 32 = 0. Let a be y(c). Calculate the greatest common factor of a and 9.
9
Suppose -2 = -a - 0*a. Suppose c = s + 5*c - 1, 0 = -4*s - 5*c + 15. What is the highest common divisor of a and s?
1
Suppose -3*v + 4*v - 3*c = 61, 4*c - 82 = -v. Calculate the highest common divisor of v and 14.
14
Suppose 0 = 5*d + 4*a - 1827, a + a = -5*d + 1821. What is the greatest common factor of 33 and d?
33
Let k = 25 + -12. Calculate the highest common divisor of k and 143.
13
Suppose -411 = -4*a - 3*j, 0 = 3*a - 3*j - 183 - 99. Calculate the highest common divisor of 9 and a.
9
Suppose -3 = s - 12. Suppose 4*x + 5*m = 41, 3*x - 2*x - 3*m - 6 = 0. Calculate the highest common divisor of x and s.
9
Let u(v) = v**3 + 5*v**2 + 4*v - 1. Let t be u(-4). Let g = t + 2. Let i = g + 8. What is the highest common divisor of i and 54?
9
Let q be (45/12)/(24/32). Calculate the highest common divisor of 10 and q.
5
Suppose -4*h - 11 = -d, 5*h = -4*d + 2*h + 6. Suppose 3*a + d*u = 29 + 46, -3*a = 4*u - 75. What is the greatest common divisor of a and 25?
25
Suppose -3*a + 25 = 19. What is the greatest common divisor of 2 and a?
2
Let r = 24 + -10. Calculate the highest common factor of 56 and r.
14
Let o be (-13 - -1)/(9/(-45)). What is the highest common divisor of o and 24?
12
Let f = -107 + 251. Suppose 3*c - 5*o = 28, 0*o - 5*o = 3*c - 68. What is the greatest common factor of f and c?
16
Suppose -4*q + q = -9. Suppose 3 = 2*v - q. Let x = v - 1. Calculate the greatest common divisor of 18 and x.
2
Suppose j - 54 = -3*m + 2*j, -m + j = -18. Calculate the greatest common factor of 18 and m.
18
Let a be ((-182)/65)/(1/(-5)). What is the highest common factor of 182 and a?
14
Let s be 0 - (-7)/((-14)/(-24)). Let m(q) = q**3 - 12*q**2 + 8. Let f be m(s). Let a = 80 + f. What is the highest common factor of 8 and a?
8
Suppose -5*x = 2*b + 1, 0 = b + 3*x - x. Let y be (5/(-2))/((-2)/4). Suppose 5*z - 85 = y. Calculate the greatest common factor of z and b.
2
Let u = 303 + -195. Suppose -4*d + 232 = -u. Calculate the greatest common divisor of 34 and d.
17
Let r be ((-4)/3)/(4/(-18)). Let i = 3 - r. Let z(u) = -u + 2. Let s be z(i). Calculate the highest common divisor of 55 and s.
5
Let t(x) = 0 - 3*x**2 + 1 + 13*x - 4 + x**3 - 7*x**2. Let u be t(9). What is the highest common divisor of u and 3?
3
Let j(m) be the third derivative of -m**4/24 + 2*m**3 - m**2. Let a be j(5). What is the highest common factor of 77 and a?
7
Suppose 0 = -4*h + 5*h - 5. Let m be (-55 + 4)*(-8)/6. Suppose -2*u + h*v + 31 = 0, m = 4*u - 0*v - 4*v. Calculate the highest common factor of 198 and u.
18
Let q(m) = m**3 + 9*m**2 - 3*m + 9. Let h be q(-9). What is the highest common divisor of 18 and h?
18
Let d be 1 + (1 - 2 - -6). Suppose -9*a + 60 = -d*a. What is the highest common divisor of a and 4?
4
Suppose 0*q + 5*q - 10 = 0. Let t = q - -1. What is the greatest common divisor of t and 6?
3
Suppose -z - 5*t + 50 = 8, -z = -4*t - 42. Let j be -1 + 2 + -2 - -15. What is the greatest common factor of z and j?
14
Let u(z) = z**3 - 15*z**2 - 9*z + 2. Let f be u(16). Calculate the highest common divisor of 19 and f.
19
Let g be (6*(-12)/(-9))/2. What is the highest common factor 